{"id":798,"date":"2018-01-04T10:03:32","date_gmt":"2018-01-04T09:03:32","guid":{"rendered":"http:\/\/kristinalinn.de\/?page_id=798"},"modified":"2018-01-04T10:15:38","modified_gmt":"2018-01-04T09:15:38","slug":"agbs","status":"publish","type":"page","link":"http:\/\/kristinalinn.de\/index.php\/agbs\/","title":{"rendered":"AGBs"},"content":{"rendered":"<h1>AGBs<\/h1>\n<h2>PERSONAL TRAINING<\/h2>\n<p>\u00a7 1 Vertragsgegenstand<br \/>\nDer Klient erteilt hiermit KL den Auftrag, ihn im Rahmen seiner T\u00e4tigkeit als Personal Trainer zu betreuen. Die Betreuung kann sowohl von KL pers\u00f6nlich als auch von einem seiner Kooperationspartner erbracht werden. Das Personal Training kann sowohl beratende Elemente als auch Trainings- und Bewegungseinheiten beinhalten, die Indoor als auch Outdoor stattfinden k\u00f6nnen.<\/p>\n<p>\u00a7 2 Leistungen des Auftragnehmers<br \/>\nZur Erf\u00fcllung der in \u00a7 1 genannten Aufgaben erwirbt der Klient ein Leistungspaket entsprechend dem offerierten Angebot von KL.<br \/>\nDie Vorgehensweise, Zeit- und Zielplanung wurden in einem unverbindlichen Beratungsgespr\u00e4ch vorab gekl\u00e4rt.<br \/>\nKL versichert als Mitglied des PREMIUM PERSONAL TRAINER CLUBs eine aktuelle und berufsbezogene Haftpflichtversicherung zu haben.<\/p>\n<p>\u00a7 3 Verg\u00fctung<br \/>\nDie Kosten f\u00fcr das jeweilige Trainingspaket werden durch den Klienten im Vorhinein, sp\u00e4testens sieben Tage nach schriftlicher Rechnungsstellung per \u00dcberweisung bezahlt.<br \/>\nZus\u00e4tzliche Aufwendungen, Beratungs- oder Dienstleistungen werden gegebenenfalls nach vorheriger Vereinbarung zwischen den Parteien gesondert berechnet.<\/p>\n<p>\u00a7 4 Vertragsdauer<br \/>\nDieses Vertragsverh\u00e4ltnis beginnt mit dem Erwerb des Trainingspaketes durch den Klienten und endet nach Nutzung der vereinbarten Leistung, ohne dass es des ausdr\u00fccklichen Ausspruchs einer K\u00fcndigung bedarf. Das beiderseitige Recht zur vorzeitigen, auch fristlosen K\u00fcndigung aufgrund \u201ewichtiger\u201c Umst\u00e4nde bleibt unber\u00fchrt. Die Vereinbarung verl\u00e4ngert sich automatisch durch den Erwerb weiterer Leistungspakete durch den Klienten.<\/p>\n<p>\u00a7 5 Zeit und Ort<br \/>\nZeit und Ort der Leistungserbringung vereinbaren die Vertragsparteien im Einzelnen einvernehmlich.<\/p>\n<p>\u00a7 6 Mitwirkungspflicht des Auftraggebers<br \/>\n1. Der Klient tr\u00e4gt daf\u00fcr Sorge, dass KL alle f\u00fcr die Ausf\u00fchrung ihrer T\u00e4tigkeit notwendigen Sachst\u00e4nde rechtzeitig mitgeteilt werden und sie von allen Vorg\u00e4ngen und Umst\u00e4nden in Kenntnis gesetzt wird, die eine Einschr\u00e4nkung der Betreuung bedeuten k\u00f6nnen. Dies gilt auch f\u00fcr Unterlagen, Vorg\u00e4nge und Umst\u00e4nde, die erst w\u00e4hrend der T\u00e4tigkeit des Auftragnehmers bekannt werden.<br \/>\n2. Der Klient best\u00e4tigt hiermit die Richtigkeit und Vollst\u00e4ndigkeit der von ihm vorgelegten und erteilten Ausk\u00fcnfte bez\u00fcglich seiner Gesundheit und Sporttauglichkeit.<\/p>\n<p>\u00a7 7 Schweigepflicht<br \/>\nKL ist verpflichtet, \u00fcber alle Informationen, die ihr im Zusammenhang mit ihrer T\u00e4tigkeit f\u00fcr den Klienten bekannt werden, Stillschweigen zu bewahren. Gleichg\u00fcltig ob es sich dabei um den Auftraggeber selbst oder dessen Umfeld (beruflich und privat) handelt; es sei denn, der Auftraggeber entbindet sie von dieser Schweigepflicht.<br \/>\nKL ist nur mit vorheriger, ausdr\u00fccklicher und schriftlicher Zustimmung befugt, ihr anvertraute personenbezogene Daten im Rahmen ihrer T\u00e4tigkeit zu verarbeiten oder verarbeiten zu lassen. Bei Einschaltung Dritter (Coaches, \u00c4rzte, Physiotherapeuten, Personal Trainer, etc.) hat KL die Verpflichtung, diese zur Verschwiegenheit anzumahnen.<\/p>\n<p>\u00a7 8 Aufbewahrung und R\u00fcckgabe von Unterlagen<br \/>\nKL verpflichtet sich, alle ihr zur Verf\u00fcgung gestellten schriftlichen Informationen ordnungsgem\u00e4\u00df aufzubewahren, insbesondere daf\u00fcr zu sorgen, dass Dritte nicht Einsicht nehmen k\u00f6nnen. Alle im Rahmen der Betreuung erstellten Daten und Unterlagen verbleiben nach Ablauf des Vertrages als Original in H\u00e4nden von KL.<br \/>\nEine Herausgabe von Kopien ist nach Absprache m\u00f6glich.<\/p>\n<p>\u00a7 9 Kosten externer Dienstleister<br \/>\nKosten f\u00fcr nicht vereinbarte Leistungen von Kooperationspartnern des KL, Arzt, Physiotherapeut, Heilpraktiker, Ern\u00e4hrungsberater o.\u00e4., die zur ganzheitlichen Betreuung konsultiert werden, \u00fcbernimmt der Klient in H\u00f6he der Abrechnungsmodalit\u00e4ten des Kooperationspartners, sofern nicht anderweitig schriftlich vereinbart.<\/p>\n<p>\u00a7 10 Stornierungen<br \/>\nEin Storno durch den Klienten ist bis 24 Stunden vor dem Termin kostenfrei m\u00f6glich.<br \/>\nBei Absagen fr\u00fchestens 8 Stunden vor dem vereinbarten Termin werden 50% der urspr\u00fcnglichen Trainingszeit berechnet. Nichterscheinen oder Terminabsage unter 2 Stunden vor dem Termin werden als \u201edurchgef\u00fchrtes Training\u201c gewertet. Im Falle eines Storno durch KL wird der Termin kostenfrei nachgeholt.<br \/>\nErkrankungen einer der beiden Vertragspartner, die ein Training ausschlie\u00dfen, sind sofort nach bekannt werden anzuzeigen und auf Wunsch nachzuweisen.<\/p>\n<p>\u00a7 11 Schlussbestimmungen<br \/>\n1. \u00c4nderungen und Erg\u00e4nzungen dieses Vertrages bed\u00fcrfen zu ihrer Wirksamkeit der Schriftform.<br \/>\n2. M\u00fcndliche Nebenabreden bestehen nicht.<br \/>\n3. Sind oder werden einzelne Bestimmungen dieses Vertrages unwirksam, wird dadurch die G\u00fcltigkeit der \u00fcbrigen Bestimmungen nicht ber\u00fchrt. Die Vertragspartner werden in diesem Fall die ung\u00fcltige Bestimmung durch eine andere ersetzen, die dem wirtschaftlichen Zweck der weggefallenen Regelung in zul\u00e4ssiger Weise am n\u00e4chsten kommt.<br \/>\n4. Gerichtsstand ist Mainz.<\/p>\n<h2>Physiotherapie<\/h2>\n<p>Vor Durchf\u00fchrung einer medizinischen Ma\u00dfnahme, insbesondere eines Eingriffs in den K\u00f6rper oder die Gesundheit, ist der Behandelnde nach <em>\u00a7 630d BGB<\/em> verpflichtet, die Einwilligung des Patienten einzuholen. Die Einwilligung kann jederzeit und ohne Angabe von Gr\u00fcnden formlos widerrufen werden.<br \/>\nHierf\u00fcr ist\u00a0der in der Praxis ausliegende\u00a0<strong>Behandlungsvertrag \u00fcber physiotherapeutische Behandlungstechniken auszuf\u00fcllen und dem Behandelnden auszuh\u00e4ndigen.<\/strong><\/p>\n<p><strong>Vertragsgegenstand <\/strong>ist eine<strong> physiotherapeutische Behandlung des Patienten<\/strong><\/p>\n<p><strong>Inhalt des Behandlungsvertrages ist:<\/strong><\/p>\n<ul>\n<li><strong>Honorar:<br \/>\n90<\/strong><strong>\u20ac pro Behandlung auf Privatrezept, 90\u20ac zzgl. MwSt. bei Inanspruchnahme einer Dienstleitung.<br \/>\n<\/strong>Das Honorar ist von der Mehrwertsteuer befreit, sofern ein Privatrezept vorliegt.<br \/>\nDas Honorar ist unmittelbar f\u00e4llig und innerhalb von 14 Tagen nach Rechnungsstellung oder direkt in bar zu bezahlen.<\/li>\n<li><strong>Termin \/ Absage:<\/strong><br \/>\nBehandlung erfolgt nach vereinbarten Terminen.<br \/>\nBei nicht rechtzeitiger Absage (24 Stunden vor dem Termin) wird eine Terminausfallgeb\u00fchr in H\u00f6he der Behandlungsgeb\u00fchr erhoben.<br \/>\nBei versp\u00e4tetem Erscheinen zu einem Termin kann eine volle Behandlungsdauer nicht garantiert werden.<\/li>\n<li><strong>Behandlung:<br \/>\n<\/strong>Ein Physiotherapeut erbringt nur auf Delegation durch einen Arzt oder Heilpraktiker die Leistungen erbringt &#8211; ein Privatrezept ist also erforderlich.<\/li>\n<li><strong>Rechnungsstellung:<br \/>\n<\/strong>Der Patient erh\u00e4lt nach Abschluss der Behandlungsphase eine Rechnung. Die Rechnung enth\u00e4lt Namen und Anschrift des Physiotherapeuten und des Patienten. Sie spezifiziert den Behandlungszeitraum und die bezahlten Honorare.<\/li>\n<li><strong>Risiken und Nebenwirkungen:<br \/>\n<\/strong>Jede effektive Therapie hat auch Nebenwirkungen. So kann es z.B. zu Muskelkater, kurzzeitige Schmerzzunahme (Erstverschlimmerung) oder einem \u201eblauen Fleck\u201c (H\u00e4matom) kommen.<br \/>\nSchwerwiegende Komplikationen in der Osteopathie sind sehr selten. Bei vermehrter Knochenbr\u00fcchigkeit (Osteoporose, Metastasen im Knochen) kann es zu Knochenbr\u00fcchen (Frakturen) kommen. Selten kann es zur Aktivierung der bis dahin nicht erkannter, vorgesch\u00e4digter oder klinisch stummer raumfordernden Ver\u00e4nderungen (z.B. Bandscheibenvorf\u00e4llen) kommen (Nervensch\u00e4digungen mit Schmerzen und L\u00e4hmungserscheinungen im Bereich der Arme und Beine). Extrem selten (ca. 1:2 Millionen) sind Sch\u00e4digungen der Gehirn versorgenden Gef\u00e4\u00dfe (z.B. Schlaganf\u00e4lle), meist auf dem Boden einer Vorsch\u00e4digung (z.B. spontane Dissektionen) samt Bildung von Blutgerinnseln (Thrombose, Embolie) mit Hirnstamminfarkt. Hier ist meist die falsche Behandlungsindikation bzw. eine Vorsch\u00e4digung die Ursache f\u00fcr die Komplikation.<br \/>\nEine Reiz-Reaktionsmethode kann anf\u00e4nglich zu einer so genannten Erstverschlimmerung f\u00fchren, die dann aber rasch in das Gegenteil, eine Verbesserung umschl\u00e4gt. Eine chronische Erkrankung wird in eine akute \u00fcberf\u00fchrt, so dass diese ausheilen kann. Eine Besserung der Beschwerdesymptomatik bzw. das Nicht-Wiederauftreten des alten Zustandes kann und darf nicht garantiert werden. Ebenso kann es zu einer Schmerzverlagerung kommen.<br \/>\n<strong>Bitte geben Sie vor Behandlungen dringend an, ob Folgendes vorliegt:<br \/>\n<\/strong>Schwangerschaft, Blutgerinnungsst\u00f6rungen (z.B. durch Marcumar\u00ae, Falithrom\u00ae), bei Blutern (H\u00e4mophilie),\u00a0 \u00a0verminderte Blutpl\u00e4ttchen (Thrombozytopenie) u.a., psychiatrische Erkrankungen (z.B. akute und schwere endogene Depression, Neurose, Paranoia), Entz\u00fcndete, bestrahlte oder anderweitig verletzte Hautareale,\u00a0 Allergien (z.B. Nickel oder Chrom, Silikon) oder Unvertr\u00e4glichkeiten, Akut lebensbedrohliche Erkrankungen,\u00a0 Schwere Sch\u00e4digung des reizleitenden und -verarbeitenden Systems (z. B. nach neurochirurgischen Eingriffen (z.B. Chordotomie, Sympathektomie), nach schweren Traumata (z.B. Querschnittsl\u00e4hmung) oder bei neurologischen Erkrankungen (z.B. Syringomyelie), u.a. Erkrankungen des Bewegungsapparates wie Rheuma, Bandscheibenvorf\u00e4lle, Osteoporose, Krampfleiden (Epilepsie), Schwere Grunderkrankungen (z.B. schwere Krebserkrankung im Endstadium).<br \/>\nGeben Sie bitte bestehende neurologische Ausfallserscheinungen wie Schluckst\u00f6rungen, Doppelbilder sehen, Sprachst\u00f6rungen, Sensibilit\u00e4tsst\u00f6rungen, pulsierende Ohrger\u00e4usche etc. an, um im Vorfeld Erkrankungen m\u00f6glichst ausschlie\u00dfen zu k\u00f6nnen.<\/li>\n<li><strong>Datenschutz:<br \/>\n<\/strong>Die behandlungsrelevanten pers\u00f6nlichen Angaben und medizinischen Befunde des Patienten werden in einer Patientenkartei erhoben und gespeichert. Ohne Ihre ausdr\u00fcckliche Einwilligung oder eine gesetzliche Grundlage werden Ihre personenbezogenen Daten nicht an Dritte weitergegeben.<br \/>\nSollten im Rahmen der Behandlung Nebenwirkungen auftreten, bitte ich\u00a0um sofortige R\u00fccksprache mit dem behandelnden Arzt.<\/li>\n<\/ul>\n","protected":false},"excerpt":{"rendered":"<p>AGBs PERSONAL TRAINING \u00a7 1 Vertragsgegenstand Der Klient erteilt hiermit KL den Auftrag, ihn im Rahmen seiner T\u00e4tigkeit als Personal Trainer zu betreuen. Die Betreuung kann sowohl von KL pers\u00f6nlich als auch von einem seiner Kooperationspartner erbracht werden. Das Personal Training kann sowohl beratende Elemente als auch Trainings- und Bewegungseinheiten beinhalten, die Indoor als auch&hellip;<\/p>\n","protected":false},"author":1,"featured_media":0,"parent":0,"menu_order":0,"comment_status":"closed","ping_status":"closed","template":"","meta":[],"_links":{"self":[{"href":"http:\/\/kristinalinn.de\/index.php\/wp-json\/wp\/v2\/pages\/798"}],"collection":[{"href":"http:\/\/kristinalinn.de\/index.php\/wp-json\/wp\/v2\/pages"}],"about":[{"href":"http:\/\/kristinalinn.de\/index.php\/wp-json\/wp\/v2\/types\/page"}],"author":[{"embeddable":true,"href":"http:\/\/kristinalinn.de\/index.php\/wp-json\/wp\/v2\/users\/1"}],"replies":[{"embeddable":true,"href":"http:\/\/kristinalinn.de\/index.php\/wp-json\/wp\/v2\/comments?post=798"}],"version-history":[{"count":3,"href":"http:\/\/kristinalinn.de\/index.php\/wp-json\/wp\/v2\/pages\/798\/revisions"}],"predecessor-version":[{"id":801,"href":"http:\/\/kristinalinn.de\/index.php\/wp-json\/wp\/v2\/pages\/798\/revisions\/801"}],"wp:attachment":[{"href":"http:\/\/kristinalinn.de\/index.php\/wp-json\/wp\/v2\/media?parent=798"}],"curies":[{"name":"wp","href":"https:\/\/api.w.org\/{rel}","templated":true}]}}