{"id":258,"date":"2015-12-27T16:58:22","date_gmt":"2015-12-27T15:58:22","guid":{"rendered":"http:\/\/kristinalinn.de\/\/?page_id=258"},"modified":"2025-09-21T09:08:30","modified_gmt":"2025-09-21T07:08:30","slug":"personal-training","status":"publish","type":"page","link":"http:\/\/kristinalinn.de\/index.php\/personal-training\/","title":{"rendered":"Personal Training"},"content":{"rendered":"<p>Verlieren Sie manchmal die Hoffnung, Ihr K\u00f6rper und Sie k\u00f6nnten noch miteinander gl\u00fccklich werden?<\/p>\n<p>W\u00fcrden Sie gerne mal wieder Kontrolle \u00fcber Ihr Gewicht und Ihre Gesundheit gewinnen sowie sich wieder mal wieder richtig wohl in Ihrer Haut f\u00fchlen?<\/p>\n<p>Haben Sie bisher noch nicht das passende Training gefunden und genauso wenig die passende &#8222;Di\u00e4t&#8220;?<\/p>\n<p>Dann melden Sie sich gerne bei mir &#8211; ich unterst\u00fctze Sie gerne darin, Ihren pers\u00f6nlich passenden Weg zu finden!<br \/>\nOb drinnen, drau\u00dfen, auf Reisen&#8230;<\/p>\n<p><strong><a href=\"http:\/\/kristinalinn.de\/index.php\/contact\/\">KONTAKTIEREN SIE MICH!<\/a><\/strong><\/p>\n<p><!--more--><\/p>\n<p>Damit gleich die Katze aus dem Sack ist:<br \/>\nEine Personal Training Stunde wird mit 90,00\u20ac zzgl. Mehrwertsteuer berechnet.<\/p>\n<p>Wenn das f\u00fcr Sie passt, lesen Sie gerne weiter und melden sich bei mir.<\/p>\n<p>Personal Training bedeutet f\u00fcr mich eine sehr pers\u00f6nliche Betreuung in jeglicher Form, die Sie ben\u00f6tigen.<br \/>\nMorgens um 6.00 Uhr im Personal Training Studio, nach Feierabend bei Ihnen zuhause, sonntags nachmittags auf der gr\u00fcnen Wiese.<\/p>\n<p>&#8230;.<\/p>\n<p>\u00dcberall, wo Sie sich umschauen, finden Sie die angeblich neuesten Ern\u00e4hrungs- und Fitnesstrends, Empfehlungen von Freunden und Bekannten &#8211; doch statt dass all dies hilft, grenzt das schon an \u00dcberforderung und in diesem ganzen Wirrwarr f\u00fchlen Sie sich einfach wie der einzige Mensch auf Erden &#8211; ganz alleine gelassen.<\/p>\n<p>Fitness muss nichts mit Studios und Di\u00e4tpl\u00e4nen zu tun haben, das geht auch anders &#8211; und nicht so teuer und exklusiv, wie alle immer denken.<\/p>\n<p>Ich wei\u00df, wie schwer gerade die ersten Schritte in Richtung Fitness, Wohlf\u00fchlsein &amp; Gesundheit sind, selbst bin ich diese gegangen und genau deswegen wei\u00df ich, wie wichtig diese sind, und genau deswegen bin ich f\u00fcr Sie da!<\/p>\n<p>Kein Unwohlsein im eigenen K\u00f6rper, Motivationsprobleme, \u00dcberforderung &#8211;<br \/>\nStattdessen Wohlf\u00fchlgewicht und Figur, Unterst\u00fctzung auch aus der Ferne, Wohlf\u00fchlatmosph\u00e4re ohne Wertung<\/p>\n<p>Sie&nbsp;sind hier richtig, wenn<\/p>\n<ul>\n<li>Sie f\u00fcr Ihre n\u00e4chste Wandertour, Expedition, Auslandsreise eine professionelle Reisebegleitung suchen!<\/li>\n<li>schon immer ein Ziel vor Augen hatten, nur nicht wussten, wie Sie dorthin kommen!<\/li>\n<li>Sie bereits jahre-\/monate-\/wochenlang&nbsp;von Pontius zu Pilatus&nbsp;gelaufen sind&#8230;darauf keine Lust mehr haben!<\/li>\n<li>Ihnen eine individuelle, auf Sie zugeschnittene Betreuung und passende Motivation fehlen<\/li>\n<li>Sie etwas an Ihrer jetzigen Situation \u00e4ndern m\u00f6chten.<\/li>\n<li>Sie &nbsp;durch&nbsp;Reiset\u00e4tigkeit&nbsp;ununterbrochen unterwegs sind und die zur Verf\u00fcgung stehende Zeit optimal nutzen m\u00f6chten.<\/li>\n<li>Sie eine wertsch\u00e4tzende, kompetente Betreuung f\u00fcr Ihre Eltern suchen.<\/li>\n<li>&#8230;Sie etwas ganz anderes auf dem Herzen liegen haben.<\/li>\n<\/ul>\n<p><strong>Woran m\u00f6chten Sie etwas \u00e4ndern?<\/strong><\/p>\n<p>Gesund erhalten, Balance finden, Stress reduzieren, Gewicht optimieren, &#8230;sind alles Ma\u00dfnahmen, die zu einer gl\u00fccklicheren,&nbsp;entspannteren, schmerzfreien\/-armen&nbsp;Lebensweise f\u00fchren&#8230;<br \/>\nW\u00e4ren da nicht beispielsweise der Schweinehund, die fehlende Zeit, die fehlende&nbsp;Betreuung oder die berufliche Abh\u00e4ngigkeit.<\/p>\n<p><strong>Worauf warten Sie noch? Auf ein Zeichen, um endlich richtig loszulegen?<br \/>\nHier kommt es: ZEICHEN!<\/strong><\/p>\n","protected":false},"excerpt":{"rendered":"<p>Verlieren Sie manchmal die Hoffnung, Ihr K\u00f6rper und Sie k\u00f6nnten noch miteinander gl\u00fccklich werden? W\u00fcrden Sie gerne mal wieder Kontrolle \u00fcber Ihr Gewicht und Ihre Gesundheit gewinnen sowie sich wieder mal wieder richtig wohl in Ihrer Haut f\u00fchlen? Haben Sie bisher noch nicht das passende Training gefunden und genauso wenig die passende &#8222;Di\u00e4t&#8220;? Dann melden&hellip;<\/p>\n","protected":false},"author":1,"featured_media":0,"parent":0,"menu_order":-3,"comment_status":"closed","ping_status":"closed","template":"page_full-width.php","meta":[],"_links":{"self":[{"href":"http:\/\/kristinalinn.de\/index.php\/wp-json\/wp\/v2\/pages\/258"}],"collection":[{"href":"http:\/\/kristinalinn.de\/index.php\/wp-json\/wp\/v2\/pages"}],"about":[{"href":"http:\/\/kristinalinn.de\/index.php\/wp-json\/wp\/v2\/types\/page"}],"author":[{"embeddable":true,"href":"http:\/\/kristinalinn.de\/index.php\/wp-json\/wp\/v2\/users\/1"}],"replies":[{"embeddable":true,"href":"http:\/\/kristinalinn.de\/index.php\/wp-json\/wp\/v2\/comments?post=258"}],"version-history":[{"count":43,"href":"http:\/\/kristinalinn.de\/index.php\/wp-json\/wp\/v2\/pages\/258\/revisions"}],"predecessor-version":[{"id":4372,"href":"http:\/\/kristinalinn.de\/index.php\/wp-json\/wp\/v2\/pages\/258\/revisions\/4372"}],"wp:attachment":[{"href":"http:\/\/kristinalinn.de\/index.php\/wp-json\/wp\/v2\/media?parent=258"}],"curies":[{"name":"wp","href":"https:\/\/api.w.org\/{rel}","templated":true}]}}